*j + 8963. Let g be (-2)/6 + j/(-33). Calculate the highest common divisor of g and c.
24
Let r be (-16)/(-2) - (5 + -3). Let z = -708 - -744. Calculate the highest common divisor of z and r.
6
Let b = -24 + 49. Suppose -6*s = -s - b. Let f be 14/35 + 68/s. What is the highest common divisor of f and 98?
14
Let v = 176 - 274. Let l = v + 140. What is the greatest common divisor of 21 and l?
21
Let w(c) = c**2 + c - 3. Let a be w(4). Let l = 1 - a. Let b = 3 - l. Calculate the highest common divisor of 57 and b.
19
Let n be 6/30 + (-1676)/(-20). Let o be 13 + -1 + (0 - 0). What is the greatest common divisor of o and n?
12
Let k(n) = -n**3 - 3*n**2 - 4*n + 8. Let o be k(-4). Suppose 0*d - o = -2*d + 5*v, 0 = -4*d + 4*v + 56. Calculate the highest common factor of 70 and d.
10
Suppose 17*w - 9*w - 24 = 0. Suppose 5*u = -10, 2*s + 5*u + 46 = w*s. What is the greatest common divisor of s and 108?
36
Let n = 4 - -4. Suppose i - n = 4. What is the greatest common factor of 48 and i?
12
Let x(b) = b + 12. Let f be x(16). What is the greatest common divisor of 28 and f?
28
Suppose -5*n + 2*z + 97 = -265, -214 = -3*n - 2*z. Calculate the greatest common factor of 48 and n.
24
Let h(x) = x**3 + x**2 - 5*x - 5. Let s be h(-2). Suppose q - s = -9. Let g be -6 - -29 - q/(-2). What is the greatest common divisor of g and 171?
19
Let s be ((-12)/5)/((1104/(-37760))/23). Calculate the greatest common factor of s and 32.
32
Let q(p) = 26*p - 2. Let z be q(2). Suppose -15*y = -9*y - 150. What is the greatest common divisor of z and y?
25
Suppose -3*f + 5*u = -26 + 33, 3*f = 2*u - 1. Calculate the highest common divisor of f and 24.
1
Let p = -11 - -1. Let x be 5/p - (-662)/4. What is the greatest common factor of 15 and x?
15
Suppose 6 + 6 = 4*x, m = 5*x + 21. Calculate the greatest common factor of 2304 and m.
36
Let a be (-9)/(-3) - 3 - (-63 + 1). What is the greatest common factor of 434 and a?
62
Suppose 2*z - 50 = -3*z. Suppose -z*b + 20 = -40. What is the greatest common factor of b and 3?
3
Let y be 72*16/(1536/108). What is the highest common factor of y and 9?
9
Let k(g) = 37*g**2 + 7*g + 8. Let t = 84 + -85. Let i be k(t). Calculate the greatest common divisor of i and 2.
2
Let d(y) = -5*y + 20. Let l be d(-8). Suppose 0 = 2*o + 5*b - 55, 3*b + 14 = o + b. What is the greatest common divisor of l and o?
20
Suppose -z = 4*f + 1 - 20, 2*z - 26 = 4*f. Let v be ((-145)/z)/((-2)/6). What is the greatest common factor of v and 29?
29
Let y = -3420 - -1262. Let k be (-1)/(10/y) - (-4)/20. What is the highest common divisor of k and 54?
54
Let g be 6*6/(-90)*-10. Calculate the highest common factor of 52 and g.
4
Suppose -6*g + 2197 = -g + x, 5*g - 2194 = -2*x. Let h(a) = -a**2 - 31*a - 170. Let f be h(-10). Calculate the highest common divisor of f and g.
40
Let x be (5 + -2 - 4)*2. Let a = x - -15. Let t = a + -1. Calculate the greatest common factor of 60 and t.
12
Let m(b) = -b**2 + 49*b + 163. Let p be m(52). What is the greatest common factor of p and 161?
7
Let a(k) = k**2 + 17*k - 19. Let y be a(-18). Let w be -3*y*(-87)/(-9). What is the greatest common divisor of 116 and w?
29
Let g(w) = w**3 + 8*w**2 + 5*w + 6. Let a be g(-5). What is the highest common factor of 42 and a?
14
Let u = -239 + 356. What is the greatest common factor of u and 26?
13
Suppose 366 + 399 = 5*c. Calculate the greatest common factor of 102 and c.
51
Let p(j) = 19*j - 146. Let h be p(8). Calculate the greatest common factor of 24 and h.
6
Let f(z) = -z**3 + 9*z**2 + 18*z + 10. Suppose -5*b - 2*s + 50 = 0, -5*b = -2*s - 15 - 35. Let m be f(b). What is the highest common factor of 18 and m?
18
Suppose -10 = 11*i - 16*i. What is the greatest common factor of 2 and i?
2
Let t(s) = s**3 + 19*s**2 - 7*s + 19. Let b be t(-19). What is the greatest common factor of 8 and b?
8
Let z(y) = y**2 + 8*y - 10. Let b be z(-10). Let s be (-76)/b + (-8)/20. Let l be (-5 + -64)/(6/s). Calculate the highest common factor of l and 23.
23
Let v be ((-42)/(-15))/7*(-880)/(-8). What is the greatest common divisor of 110 and v?
22
Let i(b) = 18*b + 73. Let f be i(-4). What is the greatest common divisor of 9 and f?
1
Let x be 0 + (62 - 5) - 1. Calculate the highest common divisor of x and 14.
14
Let i = 380 + -354. Let d be (0 + -3)/((-3)/52). What is the highest common divisor of i and d?
26
Suppose 890 = 3*p - 3*b - 505, -4*b = 12. Let u be (1 + -3 - 3) + 34 + 13. What is the highest common factor of p and u?
42
Suppose -4*h = 4*l + 272, 3*l + 200 = -3*h + 2*h. Let r = l + 38. Let z = -17 - r. What is the highest common factor of 99 and z?
11
Let a = 97 + -65. What is the greatest common factor of 96 and a?
32
Let a(x) = -2*x + 4. Let o be a(2). Let u be 7/((-28)/(-8)) - o. Suppose 2*n = n + u. Calculate the highest common divisor of 8 and n.
2
Suppose 12*r + 4*r = 2176. What is the greatest common divisor of 8 and r?
8
Let u(d) = 2*d + 3. Let p be u(7). Let f = -8 + p. Let y be (-15)/(-2)*(f + -1). Calculate the greatest common divisor of 15 and y.
15
Suppose -l + 45 = 7*d - 3*d, -5*l + 4*d = -105. What is the greatest common divisor of l and 10?
5
Suppose h - 26*v - 717 = -25*v, -2*v = -5*h + 3594. What is the highest common divisor of h and 600?
120
Let v(a) = 3*a**2 - 2*a + 1. Let n be v(1). Suppose -n*h + 7*h - 25 = 0. Suppose -h*b = -2*b - 90. What is the greatest common divisor of 6 and b?
6
Suppose -h + 9 = -1. Let c = 25 - -38. Let u = c + -59. Calculate the greatest common divisor of h and u.
2
Suppose 4*g + 4*g = 512. What is the greatest common divisor of 80 and g?
16
Suppose -4*y + 40 = y - 4*s, -4*y = 2*s - 58. Let w(m) = -m**3 + 10*m**2 - 82*m + 316. Let u be w(4). Calculate the greatest common factor of u and y.
12
Let l be 1/(-3) - (-880)/12. Let s = l + -176. Let u = s - -202. Calculate the greatest common divisor of u and 9.
9
Suppose 2*y + 9*r = 4*r - 930, 4*y + r + 1878 = 0. Let g = y - -250. Let v = 60 - g. Calculate the highest common factor of v and 35.
35
Suppose 4*k = k + 9. Let a be 28 - (-3 + k)/2. What is the greatest common divisor of 196 and a?
28
Let t = 8 + 27. What is the greatest common factor of t and 385?
35
Suppose g + 4*g - 5 = 0, 5*g = 2*q + 1. Suppose q*r = -x + 26, -2*r + 3*x = x - 38. Calculate the greatest common factor of r and 45.
15
Suppose 4*d - 8*d - 80 = 0. Let z be (d/(-40))/((-1)/(-48)). Calculate the highest common divisor of 192 and z.
24
Suppose 3*w = 2*h + 2*h + 634, -3*w + 5*h + 635 = 0. What is the greatest common divisor of 84 and w?
42
Suppose 10*z - 5025 = 5*z. Suppose 3*r + 5*g - z = 0, 1644 = -r + 6*r - 2*g. Calculate the greatest common factor of 30 and r.
30
Let x = 423 - 356. Calculate the greatest common divisor of x and 134.
67
Let q = 266 + -168. What is the greatest common divisor of 154 and q?
14
Suppose 4*r - 214 = 50. Calculate the greatest common divisor of 110 and r.
22
Let m be ((-24)/16)/((-2)/4) + 3. Suppose -2*k + 14 = -34. Calculate the greatest common divisor of m and k.
6
Let t = -285 - -595. What is the greatest common factor of t and 62?
62
Suppose 5*k - n = 282 + 327, 4*n = 5*k - 621. Let r = -7 - 1. Let x be (-90)/r + (-9)/36. What is the highest common divisor of x and k?
11
Let w = 4 + 0. Let v(f) = 2*f + 6 + 0*f**2 + 5*f + w*f**2. Let n be v(-6). Calculate the greatest common divisor of n and 12.
12
Suppose -o - 19 = -p - 20, -2*p = 0. Calculate the highest common factor of o and 37.
1
Suppose 3*r + 5 = -2*r. Let o be 1/1 - (r + -4). Calculate the greatest common factor of 30 and o.
6
Let u(w) = 54*w - 7. Let d be u(2). Let i = 69 + d. What is the highest common divisor of 68 and i?
34
Let l(i) = 2*i**2 + 19*i - 229. Let h be l(10). What is the highest common divisor of h and 21?
7
Let q = -15 - -21. Suppose q*a - 88 = 224. What is the highest common factor of 13 and a?
13
Let z(p) = -2*p - 31. Let u be z(-18). Suppose -6 + 51 = u*l. What is the greatest common factor of l and 1?
1
Let x = 80 - 2. Calculate the greatest common factor of 52 and x.
26
Suppose -w - 3 = 5*s - 16, 2*w - 6 = 0. What is the highest common factor of s and 6?
2
Suppose 2*j = 2*w - 82, 2*w - 27*j - 76 = -23*j. Calculate the highest common divisor of 946 and w.
22
Let z be 11120/278 - (2 + -1 + 1). What is the highest common factor o